*y + 72. Let j be v(17). Calculate the highest common divisor of q and j.
4
Let w(q) = -2*q**3 - 3*q**2 + 2*q + 5. Let g be w(-5). Suppose 4*r = n + 130, 10*r - 5*n = 5*r + g. Calculate the highest common factor of 352 and r.
32
Suppose 4*o - 476 = 2*p + 250, 189 = o + p. Suppose 0 = -11*k + o - 19. What is the highest common divisor of k and 30?
15
Suppose 4*w + 1 = 193. Suppose 0 = -5*l + 8*l + w. Let a be (l/10)/((-2)/35). Calculate the highest common factor of a and 4.
4
Let c = -3460 + 5614. Let v = -834 + c. Suppose -3*n + v = 5*n. What is the greatest common divisor of 15 and n?
15
Let a(y) = -2*y**2 + 14*y + 10. Let g be a(7). Let l be ((-5)/3)/(g/(-60)). Calculate the highest common factor of l and 40.
10
Let m(v) = 4*v**2 - 6*v + 2. Let x be m(6). Calculate the highest common factor of x and 88.
22
Suppose -w + 0*w = 2*x - 8, -2*x + 2*w + 8 = 0. Suppose -4*c + x*h - 57 = -341, 383 = 5*c + 2*h. What is the greatest common factor of c and 15?
15
Let j be 7 + 40/(-10) + (0 - -19). Calculate the greatest common factor of j and 22.
22
Let p be (-2)/3 - 11350/(-150). Calculate the highest common factor of p and 1200.
75
Suppose -4 = -j, 3*j - 4807 = -5*z + 1080. What is the highest common factor of 47 and z?
47
Suppose 3*r - 1 - 5 = 0. Suppose -4*t - 90 = -r*w + w, -4*w = -3*t - 360. Calculate the highest common factor of 36 and w.
18
Let r = 118 - 64. Let p be 2*(-3 + (-335)/(-10)). Let t = -43 + p. What is the greatest common factor of t and r?
18
Let d(s) be the first derivative of -s**4/4 - s**3 - 3*s**2/2 - 6. Let r be d(-2). Calculate the highest common factor of 2 and r.
2
Suppose 0 = 4*g + 3*g - 385. Calculate the greatest common factor of g and 352.
11
Let y = 16 + -3. Let u(o) = 3*o**2 + 48*o + 479. Let q be u(-10). What is the greatest common divisor of q and y?
13
Let d = -24 + 89. Let i = 101 - d. What is the greatest common divisor of 12 and i?
12
Suppose -3*t = -3*n - 9, -7 - 5 = -3*n - 4*t. Let y be n + -3*15/(-3). Calculate the highest common divisor of y and 5.
5
Suppose -5*c - 346 = -66. Let k = -43 - c. Calculate the greatest common divisor of k and 13.
13
Let t be (-11928)/(-105) + (-1 - 21/(-15)). What is the highest common divisor of 57 and t?
57
Let c(t) = -t**2 - 21*t - 45. Let h be c(-18). Calculate the highest common factor of 369 and h.
9
Suppose -15*q - 138 + 1098 = 0. Calculate the highest common divisor of q and 1024.
64
Let h = 119 - -7. Let x(b) = -b**3 - 13*b**2 - 22*b + 14. Let c be x(-11). Calculate the greatest common divisor of c and h.
14
Suppose 2 = -0*y - y, 3*y = r - 30. Calculate the highest common divisor of r and 36.
12
Suppose 238*o - 86 = 234*o + 5*x, -o - 3*x + 13 = 0. Calculate the greatest common divisor of 2375 and o.
19
Suppose -4692 = -45*n + 5253. Calculate the greatest common divisor of 85 and n.
17
Suppose -g - 159 = -2*i + 344, -3*g + 241 = i. Calculate the highest common divisor of i and 40.
10
Let i(n) = 3*n**2 - 6*n - 3. Let p be i(-3). Suppose -5*h + 11 = 5*y - 19, 4*h - 5*y = p. Calculate the highest common factor of h and 64.
8
Suppose 0*z - 2 = z + 5*f, 4*f + 52 = 2*z. Suppose p - 2 - 3 = 0. Suppose 0 = i + p*i - 972. What is the highest common factor of i and z?
18
Suppose 11*g = 137 - 27. What is the greatest common divisor of 180 and g?
10
Let k(b) = 2*b**2 + 4*b - 7. Let p be k(-5). Suppose 5*d = 5*g + 35, -4*g = -13*d + 11*d + 36. Let m = p + g. What is the greatest common divisor of 84 and m?
12
Let w = 57 - -23. Suppose 86*f - 85*f = w. What is the greatest common factor of 16 and f?
16
Let w(z) = -2*z**2 - 103*z + 150. Let t be w(-50). What is the highest common factor of t and 120?
60
Suppose -p = -h + 35, -5*h - 143*p = -144*p - 171. Let u be (-9)/6*(-70 - -2). What is the highest common factor of h and u?
34
Let p = -5 - -17. Let s = -246 + 254. Calculate the highest common factor of s and p.
4
Suppose 0 = 4*g + 2*h - 238, -4*g + 9*g - 305 = -h. Calculate the greatest common factor of g and 155.
31
Let y(g) = -59*g + 331. Let n be y(5). Calculate the greatest common divisor of 80 and n.
4
Let d = 844 + -547. Calculate the greatest common factor of 132 and d.
33
Let h = 171 - 126. Calculate the highest common divisor of h and 25.
5
Let k be (-150 - -55)*(-8)/2. Calculate the highest common divisor of k and 60.
20
Suppose -7*w + 2*w - 106 = -4*u, u - w - 26 = 0. Calculate the greatest common divisor of u and 114.
6
Let y(n) = -6*n - 22. Let t be y(-4). Let d be -6 - -7 - (-6)/1. Calculate the highest common divisor of t and d.
1
Let i(p) = p**3 - 27*p**2 - 29*p + 30. Let r be i(28). Suppose -r*x = 4*f - 12, 0 = 2*x - 0*x - 5*f - 30. Calculate the highest common factor of 35 and x.
5
Let p(u) = u. Let c be p(5). Suppose 4*t = -12, -5*w - 4*t + c*t + 33 = 0. Calculate the highest common factor of 6 and w.
6
Suppose -5*y + 285 = 2*b, -3 = 15*y - 14*y. What is the greatest common factor of b and 30?
30
Let n be 1 - 63/49 - 402/14. Let c = 33 + n. Calculate the highest common divisor of c and 10.
2
Suppose 79 = 5*x - l, -5*x - 5*l + 36 + 19 = 0. Calculate the highest common divisor of 105 and x.
15
Let z be (112/(-35))/(4/(-30)). Let y = 27 - z. Suppose 4*n = -4*m + 100, 3*m + 2*m - 122 = -2*n. Calculate the greatest common divisor of y and m.
3
Suppose -16*l + 10*l = -84. Calculate the greatest common divisor of l and 6.
2
Let d(s) = s**2 - 18*s + 34. Let w be d(16). Suppose 2*t + w*t + 511 = 5*l, -4*t = 16. Calculate the highest common divisor of 9 and l.
9
Let v = 422 - 346. What is the highest common factor of 1026 and v?
38
Suppose 11*x - 15*x = -252. Suppose -2*g + x = 13. What is the greatest common divisor of 5 and g?
5
Let c = -1647 - -1674. What is the highest common divisor of 243 and c?
27
Let s be (2 + -5)/(27/(-144)). Let u(b) = -3*b + 5. Let h be u(4). Let m = -5 - h. Calculate the greatest common divisor of s and m.
2
Let j be (-4)/14 + (-2)/(-7). Suppose j = -4*v + 136 + 908. Let t(p) = -p**2 + p + 371. Let y be t(19). Calculate the highest common factor of y and v.
29
Let x(n) = -n**3 + 7*n**2 - 7*n + 6. Let u be x(6). Suppose 101 = 2*q - 3*i, 4*q - i + 2*i - 223 = u. What is the greatest common factor of 33 and q?
11
Let q(i) = i**3 - 35*i**2 + 65*i + 48. Let w be q(33). What is the highest common divisor of w and 195?
15
Let c(k) = 292*k - 54. Let h be c(2). Calculate the highest common factor of 10 and h.
10
Let h be 5*-1*-11*1. Let s = 0 + 1. Let m be (s - -4) + (-34)/(-2). Calculate the highest common factor of h and m.
11
Let z = 103 + -43. Let o = -51 + z. Calculate the greatest common divisor of 36 and o.
9
Suppose -61 = -3*w - 5*t, -t - 4*t - 155 = -5*w. Let a(f) = f**2 - 27*f + 32. Let c be a(w). What is the greatest common divisor of c and 16?
16
Let z(c) = -c**3 + 10*c**2 + 10*c + 48. Let g be z(11). Let a be 1/(-3)*-111*2. What is the greatest common factor of g and a?
37
Let a(p) = -p**3 - 8*p**2 + 9*p + 15. Let v be a(-10). Let l = -590 + 640. What is the greatest common factor of v and l?
25
Suppose -5*k = 3*l - 69, -2*k = -3*k. Let r be (-483)/6*2/(-7)*2*2. Calculate the highest common divisor of l and r.
23
Suppose 0 = -7*f + 11*f - 4, 2*d + 4*f = 28. What is the greatest common factor of d and 204?
12
Let o(d) = -25*d**3 - d**2. Let r be o(-1). Let z = -14 + r. What is the highest common factor of z and 5?
5
Let t(y) = -y - 2. Let s be t(-3). Let f be (-7)/(-14)*-4 - (-9)/s. Calculate the highest common divisor of 77 and f.
7
Suppose -m + 5 = -2. Suppose 0 = -2*y + m + 1. Suppose -57 = -y*i - 9. What is the greatest common factor of 84 and i?
12
Let w = -30 + 145. Let u = -101 + w. What is the greatest common divisor of 2 and u?
2
Let j be ((-33)/2)/((-5)/(60/3)). Let z = j - 52. What is the highest common factor of z and 21?
7
Let x(i) = 127*i - 1115. Let a be x(10). Let u(h) = 16*h**2 - 2*h + 2. Let j be u(2). Calculate the greatest common divisor of j and a.
31
Suppose -4*b - b = -375. Suppose -14*j = 5*w - 10*j - 162, -3*j = 2*w - 69. What is the greatest common divisor of w and b?
15
Let o be 3*(-1)/6*-10. Let y(w) = -w**3 + 5*w**2 + 6*w + 5. Let j be y(o). Calculate the highest common divisor of 5 and j.
5
Let p(g) = g**2 - 5. Let i be p(0). Let b be (28/(-98))/(2/(-14)). Let w = b - i. What is the highest common divisor of w